{"id":5521,"date":"2024-08-28T13:10:21","date_gmt":"2024-08-28T13:10:21","guid":{"rendered":"https:\/\/dev2.bitmonkey.hu\/gulliver\/?post_type=product&#038;p=5521"},"modified":"2024-08-28T13:10:22","modified_gmt":"2024-08-28T13:10:22","slug":"nagy-utazok","status":"publish","type":"product","link":"https:\/\/gulliverkiado.hu\/index.php\/termek\/nagy-utazok\/","title":{"rendered":"Nagy utaz\u00f3k"},"content":{"rendered":"<p>Ami\u00f3ta ember \u00e9l a F\u00f6ld\u00f6n, kutat\u00f3k \u00e9s felfedez\u0151k is l\u00e9teznek. Persze, eleinte nem (csak) a k\u00edv\u00e1ncsis\u00e1g \u00e9s a kalandv\u00e1gy hajtotta az embereket \u00faj kontinensek felfedez\u00e9s\u00e9re, hanem els\u0151sorban a l\u00e9tfenntart\u00e1s \u00f6szt\u00f6ne. Mindig olyan helyekre v\u00e1ndoroltak, ahol t\u00f6bb \u00e9lelmet \u00e9s jobb \u00e9letk\u00f6r\u00fclm\u00e9nyeket tal\u00e1ltak. A Felfedez\u0151k c\u00edm\u0171 k\u00f6nyv nemcsak a nagy t\u00f6rt\u00e9nelmi felfedez\u00e9seket t\u00e1rja el\u00e9nk az \u0151sid\u0151kt\u0151l kezdve, hanem a m\u00falt mellett a j\u00f6v\u0151be is tekint. A tudom\u00e1ny \u00e9s az \u0171rtechnol\u00f3gia fejl\u0151d\u00e9s\u00e9vel ugyanis sz\u00e1mos tal\u00e1ny v\u00e1r m\u00e9g r\u00e1nk.<\/p>\n","protected":false},"excerpt":{"rendered":"<p>Ami\u00f3ta ember \u00e9l a F\u00f6ld\u00f6n, kutat\u00f3k \u00e9s felfedez\u0151k is l\u00e9teznek. Persze, eleinte nem (csak) a k\u00edv\u00e1ncsis\u00e1g \u00e9s a kalandv\u00e1gy hajtotta az embereket \u00faj kontinensek felfedez\u00e9s\u00e9re, hanem els\u0151sorban a l\u00e9tfenntart\u00e1s \u00f6szt\u00f6ne. Mindig olyan helyekre v\u00e1ndoroltak, ahol t\u00f6bb \u00e9lelmet \u00e9s jobb \u00e9letk\u00f6r\u00fclm\u00e9nyeket tal\u00e1ltak. A Felfedez\u0151k c\u00edm\u0171 k\u00f6nyv nemcsak a nagy t\u00f6rt\u00e9nelmi felfedez\u00e9seket t\u00e1rja el\u00e9nk az \u0151sid\u0151kt\u0151l kezdve, [&hellip;]<\/p>\n","protected":false},"featured_media":5332,"comment_status":"open","ping_status":"closed","template":"","meta":[],"product_cat":[70,62,64],"product_tag":[],"class_list":["post-5521","product","type-product","status-publish","has-post-thumbnail","hentry","product_cat-ismeretterjeszto","product_cat-gyermek-konyv","product_cat-tortenelem"],"acf":{"oldalak_szama":48,"alcim":"","sorozat":"100 \u00e1llom\u00e1s \u2013 100 kaland","kozremukodo_i":"Nagy \u00c9va","kozremukodo_i_szerzosege":"szerz\u0151","kozremukodo_ii":"---","kozremukodo_ii_szerzosege":"szerz\u0151","kategoria_i":"gyerek \u00e9s ifj\u00fas\u00e1gi","kategoria_ii":"ismeretterjeszt\u0151","bs_id":15900,"ean":9789639619357,"statusz":"kaphat\u00f3","kiado":"","leirasszinopszisfulszoveg":"","online_ar":2390,"szelesseg":228,"magassag":298,"vastagsag":8,"sulyg":500,"link":"","kulcsszavak":""},"_links":{"self":[{"href":"https:\/\/gulliverkiado.hu\/index.php\/wp-json\/wp\/v2\/product\/5521","targetHints":{"allow":["GET"]}}],"collection":[{"href":"https:\/\/gulliverkiado.hu\/index.php\/wp-json\/wp\/v2\/product"}],"about":[{"href":"https:\/\/gulliverkiado.hu\/index.php\/wp-json\/wp\/v2\/types\/product"}],"replies":[{"embeddable":true,"href":"https:\/\/gulliverkiado.hu\/index.php\/wp-json\/wp\/v2\/comments?post=5521"}],"wp:featuredmedia":[{"embeddable":true,"href":"https:\/\/gulliverkiado.hu\/index.php\/wp-json\/wp\/v2\/media\/5332"}],"wp:attachment":[{"href":"https:\/\/gulliverkiado.hu\/index.php\/wp-json\/wp\/v2\/media?parent=5521"}],"wp:term":[{"taxonomy":"product_cat","embeddable":true,"href":"https:\/\/gulliverkiado.hu\/index.php\/wp-json\/wp\/v2\/product_cat?post=5521"},{"taxonomy":"product_tag","embeddable":true,"href":"https:\/\/gulliverkiado.hu\/index.php\/wp-json\/wp\/v2\/product_tag?post=5521"}],"curies":[{"name":"wp","href":"https:\/\/api.w.org\/{rel}","templated":true}]}}