{"id":5369,"date":"2022-12-01T01:19:31","date_gmt":"2022-12-01T01:19:31","guid":{"rendered":"https:\/\/dev2.bitmonkey.hu\/gulliver\/?post_type=product&#038;p=5369"},"modified":"2023-03-02T14:00:05","modified_gmt":"2023-03-02T14:00:05","slug":"hires-utazok-nagy-felfedezesei","status":"publish","type":"product","link":"https:\/\/gulliverkiado.hu\/index.php\/termek\/hires-utazok-nagy-felfedezesei\/","title":{"rendered":"H\u00edres utaz\u00f3k nagy felfedez\u00e9sei"},"content":{"rendered":"","protected":false},"excerpt":{"rendered":"<p>Kolumbusz Krist\u00f3f 1492 okt\u00f3ber\u00e9ben egy ismeretlen kontinens f\u00f6ldj\u00e9re l\u00e9pett. Az &#8222;\u00dajvil\u00e1g&#8221; felfedez\u0151je a Kelet f\u0171szerei\u00e9rt \u00e9s arany\u00e1\u00e9rt indult \u00fatnak, ahogy \u00f6t \u00e9vvel k\u00e9s\u0151bb az Indi\u00e1ba haj\u00f3z\u00f3 portug\u00e1l Vasco da Gama is. A F\u00f6ldet els\u0151k\u00e9nt k\u00f6rbehaj\u00f3z\u00f3 Magell\u00e1n vagy a Csendes-\u00f3ce\u00e1nt kereszt\u00fcl-kasul bej\u00e1r\u00f3 Cook kapit\u00e1ny elsz\u00e1nts\u00e1gr\u00f3l, p\u00e1ratlan kitart\u00e1sr\u00f3l tett tan\u00fabizonys\u00e1got. Csak\u00fagy, mint a f\u00f6ldr\u00e9szek belsej\u00e9be mer\u00e9szked\u0151 b\u00e1tor utaz\u00f3k &#8211; az \u00c1zsia pusztas\u00e1gain \u00e9s magas hegyein \u00e1tkel\u0151 Marco Polo, az \u00c9szak-Amerik\u00e1t bebarangol\u00f3 Lewis \u00e9s Clark, vagy az Afrik\u00e1t kutat\u00f3 Livingstone. A k\u00f6tet a nagy felfedez\u0151utak ismertet\u00e9se sor\u00e1n bepillant\u00e1st ny\u00fajt az egykori n\u00e9pek, birodalmak, civiliz\u00e1ci\u00f3k \u00e9let\u00e9be is.<\/p>\n","protected":false},"featured_media":5401,"comment_status":"open","ping_status":"closed","template":"","meta":[],"product_cat":[70,64],"product_tag":[],"class_list":["post-5369","product","type-product","status-publish","has-post-thumbnail","hentry","product_cat-ismeretterjeszto","product_cat-tortenelem"],"acf":{"oldalak_szama":64,"alcim":"n.a.","sorozat":"Franklin k\u00f6nyvek","kozremukodo_i":"Nagy \u00c9va","kozremukodo_i_szerzosege":"szerz\u0151","kozremukodo_ii":"Nagy \u00c9va","kozremukodo_ii_szerzosege":"szerz\u0151","kategoria_i":"gyerek \u00e9s ifj\u00fas\u00e1gi","kategoria_ii":"ismeretterjeszt\u0151","bs_id":18315,"ean":9786155230004,"statusz":"kaphat\u00f3","kiado":"Gulliver Kiad\u00f3","leirasszinopszisfulszoveg":"","online_ar":3490,"szelesseg":227,"magassag":298,"vastagsag":14,"sulyg":750,"link":"","kulcsszavak":""},"_links":{"self":[{"href":"https:\/\/gulliverkiado.hu\/index.php\/wp-json\/wp\/v2\/product\/5369","targetHints":{"allow":["GET"]}}],"collection":[{"href":"https:\/\/gulliverkiado.hu\/index.php\/wp-json\/wp\/v2\/product"}],"about":[{"href":"https:\/\/gulliverkiado.hu\/index.php\/wp-json\/wp\/v2\/types\/product"}],"replies":[{"embeddable":true,"href":"https:\/\/gulliverkiado.hu\/index.php\/wp-json\/wp\/v2\/comments?post=5369"}],"wp:featuredmedia":[{"embeddable":true,"href":"https:\/\/gulliverkiado.hu\/index.php\/wp-json\/wp\/v2\/media\/5401"}],"wp:attachment":[{"href":"https:\/\/gulliverkiado.hu\/index.php\/wp-json\/wp\/v2\/media?parent=5369"}],"wp:term":[{"taxonomy":"product_cat","embeddable":true,"href":"https:\/\/gulliverkiado.hu\/index.php\/wp-json\/wp\/v2\/product_cat?post=5369"},{"taxonomy":"product_tag","embeddable":true,"href":"https:\/\/gulliverkiado.hu\/index.php\/wp-json\/wp\/v2\/product_tag?post=5369"}],"curies":[{"name":"wp","href":"https:\/\/api.w.org\/{rel}","templated":true}]}}