{"id":5368,"date":"2022-12-01T01:17:05","date_gmt":"2022-12-01T01:17:05","guid":{"rendered":"https:\/\/dev2.bitmonkey.hu\/gulliver\/?post_type=product&#038;p=5368"},"modified":"2022-12-01T01:17:05","modified_gmt":"2022-12-01T01:17:05","slug":"hipp-hopp-haliho","status":"publish","type":"product","link":"https:\/\/gulliverkiado.hu\/index.php\/termek\/hipp-hopp-haliho\/","title":{"rendered":"Hipp-hopp, halih\u00f3!"},"content":{"rendered":"","protected":false},"excerpt":{"rendered":"<p>Torn\u00e1ztat\u00f3k, etet\u0151k, hint\u00e1ztat\u00f3k, lovagoltat\u00f3k, s\u00e9t\u00e1ltat\u00f3k, tapsoltat\u00f3k, simogat\u00f3k, csiklandoz\u00f3k, altat\u00f3k&#8230; A mond\u00f3k\u00e1k fejleszt\u0151 hat\u00e1sa megk\u00e9rd\u0151jelezhetetlen. Fejl\u0151dik a gyermek k\u00e9pzel\u0151ereje, ismerkedik a k\u00f6r\u00fcl\u00f6tte l\u00e9v\u0151 \u00e9s t\u00e1gabb vil\u00e1ggal, gazdagodik a sz\u00f3kincse, a ritmus\u00e9rz\u00e9ke, az eml\u00e9kez\u0151k\u00e9pess\u00e9ge. De mindenekel\u0151tt remek sz\u00f3rakoz\u00e1s, mely sor\u00e1n er\u0151s\u00f6dik a sz\u00fcl\u0151 \u00e9s gyerek k\u00f6z\u00f6tti kapocs.<\/p>\n","protected":false},"featured_media":5348,"comment_status":"open","ping_status":"closed","template":"","meta":[],"product_cat":[62],"product_tag":[],"class_list":["post-5368","product","type-product","status-publish","has-post-thumbnail","hentry","product_cat-gyermek-konyv"],"acf":{"oldalak_szama":32,"alcim":"Mond\u00f3k\u00e1k apr\u00f3s\u00e1goknak","sorozat":"Mond\u00f3k\u00e1-versek apr\u00f3s\u00e1goknak Dolgos P\u00f6tt\u00f6m\u00f6k","kozremukodo_i":"Nagy \u00c9va","kozremukodo_i_szerzosege":"szerz\u0151","kozremukodo_ii":"Nagy \u00c9va","kozremukodo_ii_szerzosege":"szerz\u0151","kategoria_i":"gyerek","kategoria_ii":"mond\u00f3k\u00e1sk\u00f6nyv","bs_id":22192,"ean":9786155230530,"statusz":"kaphat\u00f3","kiado":"Gulliver Kiad\u00f3","leirasszinopszisfulszoveg":"","online_ar":2490,"szelesseg":200,"magassag":255,"vastagsag":9,"sulyg":350,"link":"","kulcsszavak":""},"_links":{"self":[{"href":"https:\/\/gulliverkiado.hu\/index.php\/wp-json\/wp\/v2\/product\/5368","targetHints":{"allow":["GET"]}}],"collection":[{"href":"https:\/\/gulliverkiado.hu\/index.php\/wp-json\/wp\/v2\/product"}],"about":[{"href":"https:\/\/gulliverkiado.hu\/index.php\/wp-json\/wp\/v2\/types\/product"}],"replies":[{"embeddable":true,"href":"https:\/\/gulliverkiado.hu\/index.php\/wp-json\/wp\/v2\/comments?post=5368"}],"wp:featuredmedia":[{"embeddable":true,"href":"https:\/\/gulliverkiado.hu\/index.php\/wp-json\/wp\/v2\/media\/5348"}],"wp:attachment":[{"href":"https:\/\/gulliverkiado.hu\/index.php\/wp-json\/wp\/v2\/media?parent=5368"}],"wp:term":[{"taxonomy":"product_cat","embeddable":true,"href":"https:\/\/gulliverkiado.hu\/index.php\/wp-json\/wp\/v2\/product_cat?post=5368"},{"taxonomy":"product_tag","embeddable":true,"href":"https:\/\/gulliverkiado.hu\/index.php\/wp-json\/wp\/v2\/product_tag?post=5368"}],"curies":[{"name":"wp","href":"https:\/\/api.w.org\/{rel}","templated":true}]}}