{"id":5366,"date":"2022-12-01T01:12:41","date_gmt":"2022-12-01T01:12:41","guid":{"rendered":"https:\/\/dev2.bitmonkey.hu\/gulliver\/?post_type=product&#038;p=5366"},"modified":"2024-08-27T11:53:45","modified_gmt":"2024-08-27T11:53:45","slug":"harcosok-es-fegyverek","status":"publish","type":"product","link":"https:\/\/gulliverkiado.hu\/index.php\/termek\/harcosok-es-fegyverek\/","title":{"rendered":"Harcosok \u00e9s fegyverek"},"content":{"rendered":"","protected":false},"excerpt":{"rendered":"<p>Utazz vel\u00fcnk k\u00fcl\u00f6nleges, izgalmas vil\u00e1gokba! 100 \u00e1llom\u00e1son 100 kalandban lehet r\u00e9szed! A sorozatb\u00f3l sz\u00e1mos t\u00e9ny mellett rengeteg \u00e9rdekess\u00e9get megtudhatsz, s m\u00e9g a k\u00e9z\u00fcgyess\u00e9gedet is pr\u00f3b\u00e1ra teheted.Mi\u00e9rt gy\u0171jt\u00f6ttek skalpokat az indi\u00e1nok? Mik\u00e9pp k\u00fczd\u00f6ttek gazd\u00e1ik oldal\u00e1n a harci elef\u00e1ntok? Milyen harcmodorral gy\u0151zedelmeskedtek a husz\u00e1rok? Mi seg\u00edtette diadalra Hunyadi J\u00e1nost a n\u00e1ndorfeh\u00e9rv\u00e1ri csat\u00e1ban?K\u00edv\u00e1ncsi vagy a v\u00e1laszokra? Akkor kalandra fel!<\/p>\n","protected":false},"featured_media":5331,"comment_status":"open","ping_status":"closed","template":"","meta":[],"product_cat":[70,62,64],"product_tag":[],"class_list":["post-5366","product","type-product","status-publish","has-post-thumbnail","hentry","product_cat-ismeretterjeszto","product_cat-gyermek-konyv","product_cat-tortenelem"],"acf":{"oldalak_szama":48,"alcim":"n.a.","sorozat":"100 \u00e1llom\u00e1s \u2013 100 kaland","kozremukodo_i":"Nagy \u00c9va","kozremukodo_i_szerzosege":"szerz\u0151","kozremukodo_ii":"Nagy \u00c9va","kozremukodo_ii_szerzosege":"szerz\u0151","kategoria_i":"gyerek \u00e9s ifj\u00fas\u00e1gi","kategoria_ii":"ismeretterjeszt\u0151","bs_id":16351,"ean":9789639619524,"statusz":"kaphat\u00f3","kiado":"Lilliput Kiad\u00f3","leirasszinopszisfulszoveg":"","online_ar":2390,"szelesseg":227,"magassag":298,"vastagsag":10,"sulyg":500,"link":"","kulcsszavak":""},"_links":{"self":[{"href":"https:\/\/gulliverkiado.hu\/index.php\/wp-json\/wp\/v2\/product\/5366","targetHints":{"allow":["GET"]}}],"collection":[{"href":"https:\/\/gulliverkiado.hu\/index.php\/wp-json\/wp\/v2\/product"}],"about":[{"href":"https:\/\/gulliverkiado.hu\/index.php\/wp-json\/wp\/v2\/types\/product"}],"replies":[{"embeddable":true,"href":"https:\/\/gulliverkiado.hu\/index.php\/wp-json\/wp\/v2\/comments?post=5366"}],"wp:featuredmedia":[{"embeddable":true,"href":"https:\/\/gulliverkiado.hu\/index.php\/wp-json\/wp\/v2\/media\/5331"}],"wp:attachment":[{"href":"https:\/\/gulliverkiado.hu\/index.php\/wp-json\/wp\/v2\/media?parent=5366"}],"wp:term":[{"taxonomy":"product_cat","embeddable":true,"href":"https:\/\/gulliverkiado.hu\/index.php\/wp-json\/wp\/v2\/product_cat?post=5366"},{"taxonomy":"product_tag","embeddable":true,"href":"https:\/\/gulliverkiado.hu\/index.php\/wp-json\/wp\/v2\/product_tag?post=5366"}],"curies":[{"name":"wp","href":"https:\/\/api.w.org\/{rel}","templated":true}]}}