{"id":5359,"date":"2022-12-01T00:54:56","date_gmt":"2022-12-01T00:54:56","guid":{"rendered":"https:\/\/dev2.bitmonkey.hu\/gulliver\/?post_type=product&#038;p=5359"},"modified":"2022-12-01T00:57:02","modified_gmt":"2022-12-01T00:57:02","slug":"egyszer-volt-budan-kutyavasar","status":"publish","type":"product","link":"https:\/\/gulliverkiado.hu\/index.php\/termek\/egyszer-volt-budan-kutyavasar\/","title":{"rendered":"Egyszer volt Bud\u00e1n kutyav\u00e1s\u00e1r"},"content":{"rendered":"","protected":false},"excerpt":{"rendered":"<p>Az orsz\u00e1got \u00e1lruh\u00e1ban j\u00e1r\u00f3, igazs\u00e1gos M\u00e1ty\u00e1s kir\u00e1ly mes\u00e9i kit\u0171n\u0151 sz\u00f3rakoz\u00e1st ny\u00fajtanak. Kider\u00fcl bel\u0151l\u00fck, hogy mindig \u00e9rdemes igazat mondani, m\u00e9g ha hib\u00e1ztunk is. Az \u00f6nzetlen \u00e9s j\u00f3sz\u00edv\u0171 emberek elnyerik m\u00e9lt\u00f3 jutalmukat, m\u00edg az \u00f6nz\u0151 \u00e9s kapzsi gazdagok mindig p\u00f3rul j\u00e1rnak. A mes\u00e9kb\u0151l nem hi\u00e1nyzik a humor \u00e9s a csalafintas\u00e1g sem.<\/p>\n","protected":false},"featured_media":5344,"comment_status":"open","ping_status":"closed","template":"","meta":[],"product_cat":[62],"product_tag":[],"class_list":["post-5359","product","type-product","status-publish","has-post-thumbnail","hentry","product_cat-gyermek-konyv"],"acf":{"oldalak_szama":32,"alcim":"Mes\u00e9k M\u00e1ty\u00e1s kir\u00e1lyr\u00f3l","sorozat":"Franklin k\u00f6nyvek","kozremukodo_i":"Nagy \u00c9va","kozremukodo_i_szerzosege":"szerz\u0151","kozremukodo_ii":"Nagy \u00c9va","kozremukodo_ii_szerzosege":"szerz\u0151","kategoria_i":"gyerek","kategoria_ii":"k\u00e9pes mesek\u00f6nyv","bs_id":22191,"ean":9789639619777,"statusz":"kaphat\u00f3","kiado":"Lilliput Kiad\u00f3","leirasszinopszisfulszoveg":"","online_ar":2489,"szelesseg":200,"magassag":255,"vastagsag":8,"sulyg":350,"link":"","kulcsszavak":""},"_links":{"self":[{"href":"https:\/\/gulliverkiado.hu\/index.php\/wp-json\/wp\/v2\/product\/5359","targetHints":{"allow":["GET"]}}],"collection":[{"href":"https:\/\/gulliverkiado.hu\/index.php\/wp-json\/wp\/v2\/product"}],"about":[{"href":"https:\/\/gulliverkiado.hu\/index.php\/wp-json\/wp\/v2\/types\/product"}],"replies":[{"embeddable":true,"href":"https:\/\/gulliverkiado.hu\/index.php\/wp-json\/wp\/v2\/comments?post=5359"}],"wp:featuredmedia":[{"embeddable":true,"href":"https:\/\/gulliverkiado.hu\/index.php\/wp-json\/wp\/v2\/media\/5344"}],"wp:attachment":[{"href":"https:\/\/gulliverkiado.hu\/index.php\/wp-json\/wp\/v2\/media?parent=5359"}],"wp:term":[{"taxonomy":"product_cat","embeddable":true,"href":"https:\/\/gulliverkiado.hu\/index.php\/wp-json\/wp\/v2\/product_cat?post=5359"},{"taxonomy":"product_tag","embeddable":true,"href":"https:\/\/gulliverkiado.hu\/index.php\/wp-json\/wp\/v2\/product_tag?post=5359"}],"curies":[{"name":"wp","href":"https:\/\/api.w.org\/{rel}","templated":true}]}}