{"id":5322,"date":"2022-11-25T15:37:12","date_gmt":"2022-11-25T15:37:12","guid":{"rendered":"https:\/\/dev2.bitmonkey.hu\/gulliver\/?post_type=product&#038;p=5322"},"modified":"2024-08-27T12:09:41","modified_gmt":"2024-08-27T12:09:41","slug":"a-mezei-es-a-hazi-eger","status":"publish","type":"product","link":"https:\/\/gulliverkiado.hu\/index.php\/termek\/a-mezei-es-a-hazi-eger\/","title":{"rendered":"A mezei \u00e9s a h\u00e1zi eg\u00e9r"},"content":{"rendered":"<p>Aesopus mes\u00e9i &#8222;a haland\u00f3k lelk\u00e9t nem csup\u00e1n csod\u00e1s gy\u00f6ny\u00f6rrel t\u00f6ltik el, hanem a tisztes \u00e9s hasznos cselekv\u00e9sre is sokkal ink\u00e1bb cs\u00e1b\u00edtanak, mint a filoz\u00f3fusok szigor\u00fa tanaikkal, mert megveszteget\u0151 b\u00e1jukkal \u00fagy f\u00e9rk\u0151znek az emberek lelk\u00e9be, \u00e9s \u00fagy megmutatj\u00e1k, mit kell k\u00f6vetni \u00e9s mit kell ker\u00fclni, hogy mi valamennyien akaratlanul is azok helyesl\u00e9s\u00e9re k\u00e9nyszer\u00fcl\u00fcnk&#8230;&#8221;<\/p>\n","protected":false},"excerpt":{"rendered":"<p>Aesopus mes\u00e9i &#8222;a haland\u00f3k lelk\u00e9t nem csup\u00e1n csod\u00e1s gy\u00f6ny\u00f6rrel t\u00f6ltik el, hanem a tisztes \u00e9s hasznos cselekv\u00e9sre is sokkal ink\u00e1bb cs\u00e1b\u00edtanak, mint a filoz\u00f3fusok szigor\u00fa tanaikkal, mert megveszteget\u0151 b\u00e1jukkal \u00fagy f\u00e9rk\u0151znek az emberek lelk\u00e9be, \u00e9s \u00fagy megmutatj\u00e1k, mit kell k\u00f6vetni \u00e9s mit kell ker\u00fclni, hogy mi valamennyien akaratlanul is azok helyesl\u00e9s\u00e9re k\u00e9nyszer\u00fcl\u00fcnk&#8230;&#8221;<\/p>\n","protected":false},"featured_media":5323,"comment_status":"open","ping_status":"closed","template":"","meta":[],"product_cat":[62],"product_tag":[],"class_list":["post-5322","product","type-product","status-publish","has-post-thumbnail","hentry","product_cat-gyermek-konyv"],"acf":{"oldalak_szama":32,"alcim":"Tanuls\u00e1gos mes\u00e9k","sorozat":"N\u00e9pmes\u00e9k","kozremukodo_i":"Nagy \u00c9va","kozremukodo_i_szerzosege":"szerz\u0151","kozremukodo_ii":"Nagy \u00c9va","kozremukodo_ii_szerzosege":"szerz\u0151","kategoria_i":"gyerek","kategoria_ii":"k\u00e9pes mesek\u00f6nyv","bs_id":22194,"ean":9789639619029,"statusz":"kaphat\u00f3","kiado":"Lilliput Kiad\u00f3","leirasszinopszisfulszoveg":"","online_ar":2390,"szelesseg":200,"magassag":255,"vastagsag":8,"sulyg":400,"link":"","kulcsszavak":""},"_links":{"self":[{"href":"https:\/\/gulliverkiado.hu\/index.php\/wp-json\/wp\/v2\/product\/5322","targetHints":{"allow":["GET"]}}],"collection":[{"href":"https:\/\/gulliverkiado.hu\/index.php\/wp-json\/wp\/v2\/product"}],"about":[{"href":"https:\/\/gulliverkiado.hu\/index.php\/wp-json\/wp\/v2\/types\/product"}],"replies":[{"embeddable":true,"href":"https:\/\/gulliverkiado.hu\/index.php\/wp-json\/wp\/v2\/comments?post=5322"}],"wp:featuredmedia":[{"embeddable":true,"href":"https:\/\/gulliverkiado.hu\/index.php\/wp-json\/wp\/v2\/media\/5323"}],"wp:attachment":[{"href":"https:\/\/gulliverkiado.hu\/index.php\/wp-json\/wp\/v2\/media?parent=5322"}],"wp:term":[{"taxonomy":"product_cat","embeddable":true,"href":"https:\/\/gulliverkiado.hu\/index.php\/wp-json\/wp\/v2\/product_cat?post=5322"},{"taxonomy":"product_tag","embeddable":true,"href":"https:\/\/gulliverkiado.hu\/index.php\/wp-json\/wp\/v2\/product_tag?post=5322"}],"curies":[{"name":"wp","href":"https:\/\/api.w.org\/{rel}","templated":true}]}}