{"id":5259,"date":"2022-03-09T16:50:19","date_gmt":"2022-03-09T16:50:19","guid":{"rendered":"https:\/\/dev2.bitmonkey.hu\/gulliver\/?post_type=product&#038;p=5259"},"modified":"2024-08-27T12:19:03","modified_gmt":"2024-08-27T12:19:03","slug":"ludas-matyi","status":"publish","type":"product","link":"https:\/\/gulliverkiado.hu\/index.php\/termek\/ludas-matyi\/","title":{"rendered":"Ludas Matyi"},"content":{"rendered":"<div id=\"book-text\">\n<p>\u201eJ\u00f3l jegyezze meg, D\u00f6br\u00f6gi uras\u00e1g, h\u00e1romszor fizeti ezt kendnek vissza Ludas\u00a0Matyi!\u201d\u00a0A kis libap\u00e1sztor alig b\u00edrt felegyenesedni a huszon\u00f6t bot\u00fct\u00e9s ut\u00e1n, amit a lib\u00e1k \u00e1ra\u00a0helyett kapott. Azt\u00e1n telt-m\u00falt az id\u0151, a kis Matyib\u00f3l sz\u00e9p sz\u00e1l leg\u00e9ny lett, de \u00edg\u00e9ret\u00e9t\u00a0nem felejtette el. Felkereste D\u00f6br\u00f6gi uras\u00e1got, hogy megadja a tartoz\u00e1s\u00e1t, m\u00e9ghozz\u00e1\u00a0h\u00e1romszor\u2026<\/p>\n<\/div>\n<div id=\"book-data-container\">\n<div class=\"book-data-line\">\n<div class=\"book-data-left\">Szerz\u0151:\u00a0N\u00e9pmese<\/div>\n<\/div>\n<div class=\"book-data-line\">\n<div class=\"book-data-left\">Szerkeszt\u0151:\u00a0Nagy \u00c9va<\/div>\n<\/div>\n<div class=\"book-data-line\">\n<div class=\"book-data-left\">Illusztr\u00e1ci\u00f3:\u00a0Bihari Beatrix-Ren\u00e1ta<\/div>\n<\/div>\n<div class=\"book-data-line\">\n<div class=\"book-data-left\">Narr\u00e1ci\u00f3:\u00a0T\u00f3th Levente<\/div>\n<\/div>\n<div class=\"book-data-line\">\n<div class=\"book-data-left\">Zene:\u00a0BIT Monkey Creative Group<\/div>\n<\/div>\n<div class=\"book-data-line\">\n<div class=\"book-data-left\">Hangok:\u00a0BIT Monkey Creative Group<\/div>\n<\/div>\n<div class=\"book-data-line\">\n<div class=\"book-data-left\">Megjelen\u00e9s \u00e9ve:\u00a02020<\/div>\n<\/div>\n<div class=\"book-data-line\">\n<div><\/div>\n<div class=\"book-data-left\">Oldalak sz\u00e1ma:\u00a08<\/div>\n<\/div>\n<\/div>\n","protected":false},"excerpt":{"rendered":"<p>\u201eJ\u00f3l jegyezze meg, D\u00f6br\u00f6gi uras\u00e1g, h\u00e1romszor fizeti ezt kendnek vissza Ludas\u00a0Matyi!\u201d\u00a0A kis libap\u00e1sztor alig b\u00edrt felegyenesedni a huszon\u00f6t bot\u00fct\u00e9s ut\u00e1n, amit a lib\u00e1k \u00e1ra\u00a0helyett kapott. Azt\u00e1n telt-m\u00falt az id\u0151, a kis Matyib\u00f3l sz\u00e9p sz\u00e1l leg\u00e9ny lett, de \u00edg\u00e9ret\u00e9t\u00a0nem felejtette el. Felkereste D\u00f6br\u00f6gi uras\u00e1got, hogy megadja a tartoz\u00e1s\u00e1t, m\u00e9ghozz\u00e1\u00a0h\u00e1romszor\u2026 Szerz\u0151:\u00a0N\u00e9pmese Szerkeszt\u0151:\u00a0Nagy \u00c9va Illusztr\u00e1ci\u00f3:\u00a0Bihari Beatrix-Ren\u00e1ta Narr\u00e1ci\u00f3:\u00a0T\u00f3th Levente [&hellip;]<\/p>\n","protected":false},"featured_media":5260,"comment_status":"open","ping_status":"closed","template":"","meta":[],"product_cat":[62],"product_tag":[67],"class_list":["post-5259","product","type-product","status-publish","has-post-thumbnail","hentry","product_cat-gyermek-konyv","product_tag-nepmese"],"acf":{"oldalak_szama":8,"alcim":"Ludas Matyi","sorozat":"N\u00e9pmes\u00e9k","kozremukodo_i":"Nagy \u00c9va","kozremukodo_i_szerzosege":"szerz\u0151","kozremukodo_ii":"Nagy \u00c9va","kozremukodo_ii_szerzosege":"szerz\u0151","kategoria_i":"gyerek","kategoria_ii":"lapoz\u00f3","bs_id":"","ean":"","statusz":"kaphat\u00f3","kiado":"","leirasszinopszisfulszoveg":"","online_ar":"","szelesseg":"","magassag":"","vastagsag":"","sulyg":"","link":"","kulcsszavak":""},"_links":{"self":[{"href":"https:\/\/gulliverkiado.hu\/index.php\/wp-json\/wp\/v2\/product\/5259","targetHints":{"allow":["GET"]}}],"collection":[{"href":"https:\/\/gulliverkiado.hu\/index.php\/wp-json\/wp\/v2\/product"}],"about":[{"href":"https:\/\/gulliverkiado.hu\/index.php\/wp-json\/wp\/v2\/types\/product"}],"replies":[{"embeddable":true,"href":"https:\/\/gulliverkiado.hu\/index.php\/wp-json\/wp\/v2\/comments?post=5259"}],"wp:featuredmedia":[{"embeddable":true,"href":"https:\/\/gulliverkiado.hu\/index.php\/wp-json\/wp\/v2\/media\/5260"}],"wp:attachment":[{"href":"https:\/\/gulliverkiado.hu\/index.php\/wp-json\/wp\/v2\/media?parent=5259"}],"wp:term":[{"taxonomy":"product_cat","embeddable":true,"href":"https:\/\/gulliverkiado.hu\/index.php\/wp-json\/wp\/v2\/product_cat?post=5259"},{"taxonomy":"product_tag","embeddable":true,"href":"https:\/\/gulliverkiado.hu\/index.php\/wp-json\/wp\/v2\/product_tag?post=5259"}],"curies":[{"name":"wp","href":"https:\/\/api.w.org\/{rel}","templated":true}]}}