{"id":5254,"date":"2022-03-09T16:26:52","date_gmt":"2022-03-09T16:26:52","guid":{"rendered":"https:\/\/dev2.bitmonkey.hu\/gulliver\/?post_type=product&#038;p=5254"},"modified":"2024-08-27T12:23:51","modified_gmt":"2024-08-27T12:23:51","slug":"istvan-a-kiraly","status":"publish","type":"product","link":"https:\/\/gulliverkiado.hu\/index.php\/termek\/istvan-a-kiraly\/","title":{"rendered":"Istv\u00e1n a Kir\u00e1ly"},"content":{"rendered":"<div id=\"book-text\">\n<p>\u00c1llamalap\u00edt\u00f3 kir\u00e1lyunk v\u00e1rmegy\u00e9ket szervezett, p\u00fcsp\u00f6ks\u00e9geket \u00e9s \u00e9rseks\u00e9geket alap\u00edtott, templomokat \u00e9p\u00edttetett. B\u00e9k\u00e9t k\u00f6t\u00f6tt a szomsz\u00e9dos orsz\u00e1gokkal, uralkod\u00e1sa alatt haz\u00e1nk Eur\u00f3pa r\u00e9sze lett. T\u00f6rv\u00e9nyk\u00f6nyveket adott ki, az uralkod\u00e1sr\u00f3l alkotott n\u00e9zeteit pedig az Intelmekben foglalta \u00f6ssze ut\u00f3dj\u00e1nak.<\/p>\n<p>Ezek a t\u00f6rt\u00e9nelmi t\u00e9nyek.<\/p>\n<p>De milyen lehetett akkoriban az \u00e9let? Mivel t\u00f6lt\u00f6tte napjait a kir\u00e1lyn\u00e9, Gizella? Hogyan szedt\u00e9k be az ad\u00f3t? Igaz-e, hogy Istv\u00e1n \u00e9desapja, G\u00e9za titokban pog\u00e1ny szertart\u00e1sokra j\u00e1rt?\u00a0Szilveszter p\u00e1pa val\u00f3ban az \u00f6rd\u00f6ggel cimbor\u00e1lt? Mi az az abakusz? Kinek a nyelv\u00e9r\u0151l sz\u00f3l a legenda?<\/p>\n<p>A sz\u00e1mos \u00e9rdekess\u00e9g mellett rejtv\u00e9ny, kv\u00edz-k\u00e9rd\u00e9sek, j\u00e1t\u00e9kok is seg\u00edtenek a korszak megismer\u00e9s\u00e9ben.<\/p>\n<\/div>\n<div id=\"book-data-container\">\n<div class=\"book-data-line\">\n<div class=\"book-data-left\">Szerz\u0151:\u00a0Nagy \u00c9va<\/div>\n<\/div>\n<div class=\"book-data-line\">\n<div class=\"book-data-left\">Szerkeszt\u0151:\u00a0Domina Istv\u00e1n<\/div>\n<\/div>\n<div class=\"book-data-line\">\n<div class=\"book-data-left\">Illusztr\u00e1ci\u00f3:\u00a0Veres L\u00e1szl\u00f3 \u00e9s J\u00e1mbor Lajos<\/div>\n<\/div>\n<div class=\"book-data-line\">\n<div class=\"book-data-left\">Narr\u00e1ci\u00f3:\u00a0T\u00f3th Levente<\/div>\n<\/div>\n<div class=\"book-data-line\">\n<div class=\"book-data-left\">Zene:\u00a0BIT Monkey Creative Group<\/div>\n<\/div>\n<div class=\"book-data-line\">\n<div class=\"book-data-left\">Hangok:\u00a0BIT Monkey Creative Group<\/div>\n<\/div>\n<div class=\"book-data-line\">\n<div class=\"book-data-left\">Megjelen\u00e9s \u00e9ve:\u00a02020<\/div>\n<\/div>\n<div class=\"book-data-line\">\n<div><\/div>\n<div class=\"book-data-left\">Oldalak sz\u00e1ma:\u00a08<\/div>\n<\/div>\n<\/div>\n","protected":false},"excerpt":{"rendered":"<p>\u00c1llamalap\u00edt\u00f3 kir\u00e1lyunk v\u00e1rmegy\u00e9ket szervezett, p\u00fcsp\u00f6ks\u00e9geket \u00e9s \u00e9rseks\u00e9geket alap\u00edtott, templomokat \u00e9p\u00edttetett. B\u00e9k\u00e9t k\u00f6t\u00f6tt a szomsz\u00e9dos orsz\u00e1gokkal, uralkod\u00e1sa alatt haz\u00e1nk Eur\u00f3pa r\u00e9sze lett. T\u00f6rv\u00e9nyk\u00f6nyveket adott ki, az uralkod\u00e1sr\u00f3l alkotott n\u00e9zeteit pedig az Intelmekben foglalta \u00f6ssze ut\u00f3dj\u00e1nak. Ezek a t\u00f6rt\u00e9nelmi t\u00e9nyek. De milyen lehetett akkoriban az \u00e9let? Mivel t\u00f6lt\u00f6tte napjait a kir\u00e1lyn\u00e9, Gizella? Hogyan szedt\u00e9k be az ad\u00f3t? [&hellip;]<\/p>\n","protected":false},"featured_media":5255,"comment_status":"open","ping_status":"closed","template":"","meta":[],"product_cat":[62,64],"product_tag":[],"class_list":["post-5254","product","type-product","status-publish","has-post-thumbnail","hentry","product_cat-gyermek-konyv","product_cat-tortenelem"],"acf":{"oldalak_szama":8,"alcim":"","sorozat":"Magyar Hist\u00f3r\u00e1k","kozremukodo_i":"Nagy \u00c9va","kozremukodo_i_szerzosege":"szerz\u0151","kozremukodo_ii":"---","kozremukodo_ii_szerzosege":"szerz\u0151","kategoria_i":"gyerek","kategoria_ii":"mesek\u00f6nyv","bs_id":"","ean":"","statusz":"kaphat\u00f3","kiado":"Gulliver Kiad\u00f3","leirasszinopszisfulszoveg":"","online_ar":"","szelesseg":"","magassag":"","vastagsag":"","sulyg":"","link":"","kulcsszavak":""},"_links":{"self":[{"href":"https:\/\/gulliverkiado.hu\/index.php\/wp-json\/wp\/v2\/product\/5254","targetHints":{"allow":["GET"]}}],"collection":[{"href":"https:\/\/gulliverkiado.hu\/index.php\/wp-json\/wp\/v2\/product"}],"about":[{"href":"https:\/\/gulliverkiado.hu\/index.php\/wp-json\/wp\/v2\/types\/product"}],"replies":[{"embeddable":true,"href":"https:\/\/gulliverkiado.hu\/index.php\/wp-json\/wp\/v2\/comments?post=5254"}],"wp:featuredmedia":[{"embeddable":true,"href":"https:\/\/gulliverkiado.hu\/index.php\/wp-json\/wp\/v2\/media\/5255"}],"wp:attachment":[{"href":"https:\/\/gulliverkiado.hu\/index.php\/wp-json\/wp\/v2\/media?parent=5254"}],"wp:term":[{"taxonomy":"product_cat","embeddable":true,"href":"https:\/\/gulliverkiado.hu\/index.php\/wp-json\/wp\/v2\/product_cat?post=5254"},{"taxonomy":"product_tag","embeddable":true,"href":"https:\/\/gulliverkiado.hu\/index.php\/wp-json\/wp\/v2\/product_tag?post=5254"}],"curies":[{"name":"wp","href":"https:\/\/api.w.org\/{rel}","templated":true}]}}

István a Király

<div id="book-text">
<p>Államalapító királyunk vármegyéket szervezett, püspökségeket és érsekségeket alapított, templomokat építtetett. Békét kötött a szomszédos országokkal, uralkodása alatt hazánk Európa része lett. Törvénykönyveket adott ki, az uralkodásról alkotott nézeteit pedig az Intelmekben foglalta össze utódjának.</p>
<p>Ezek a történelmi tények.</p>
<p>De milyen lehetett akkoriban az élet? Mivel töltötte napjait a királyné, Gizella? Hogyan szedték be az adót? Igaz-e, hogy István édesapja, Géza titokban pogány szertartásokra járt? Szilveszter pápa valóban az ördöggel cimborált? Mi az az abakusz? Kinek a nyelvéről szól a legenda?</p>
<p>A számos érdekesség mellett rejtvény, kvíz-kérdések, játékok is segítenek a korszak megismerésében.</p>
</div>
<div id="book-data-container">
<div class="book-data-line">
<div class="book-data-left">Szerző: Nagy Éva</div>
</div>
<div class="book-data-line">
<div class="book-data-left">Szerkesztő: Domina István</div>
</div>
<div class="book-data-line">
<div class="book-data-left">Illusztráció: Veres László és Jámbor Lajos</div>
</div>
<div class="book-data-line">
<div class="book-data-left">Narráció: Tóth Levente</div>
</div>
<div class="book-data-line">
<div class="book-data-left">Zene: BIT Monkey Creative Group</div>
</div>
<div class="book-data-line">
<div class="book-data-left">Hangok: BIT Monkey Creative Group</div>
</div>
<div class="book-data-line">
<div class="book-data-left">Megjelenés éve: 2020</div>
</div>
<div class="book-data-line">
<div></div>
<div class="book-data-left">Oldalak száma: 8</div>
</div>
</div>

<p>Államalapító királyunk vármegyéket szervezett, püspökségeket és érsekségeket alapított, templomokat építtetett. Békét kötött a szomszédos országokkal, uralkodása alatt hazánk Európa része lett. Törvénykönyveket adott ki, az uralkodásról alkotott nézeteit pedig az Intelmekben foglalta össze utódjának. Ezek a történelmi tények. De milyen lehetett akkoriban az élet? Mivel töltötte napjait a királyné, Gizella? Hogyan szedték be az adót? [&hellip;]</p>

Magyar Histórák

Nagy Éva

szerző

mesekönyv

kapható

Gulliver Kiadó
